 the highest common factor of 1026256 and 19386752?
8624
Calculate the highest common factor of 21942 and 42453.
477
What is the highest common divisor of 74337 and 3599237?
349
What is the highest common factor of 445770035 and 430?
215
Calculate the highest common divisor of 508146352 and 464.
464
Calculate the greatest common factor of 94 and 73299085.
47
Calculate the highest common factor of 327580 and 24420.
220
Calculate the highest common factor of 3638 and 791622.
34
Calculate the greatest common divisor of 52071535 and 893.
47
Calculate the greatest common factor of 41256951 and 1167.
1167
What is the greatest common divisor of 307 and 21340798?
307
Calculate the highest common factor of 9536 and 1603264.
64
Calculate the highest common divisor of 4236 and 27357500.
1412
Calculate the greatest common divisor of 397977 and 61692.
159
Calculate the highest common divisor of 2805 and 980220.
255
Calculate the highest common divisor of 41 and 9413231.
41
What is the greatest common divisor of 54795 and 548613?
39
What is the greatest common factor of 6737817 and 861?
123
What is the greatest common divisor of 251010 and 576?
18
What is the greatest common factor of 87876 and 1764?
36
What is the greatest common divisor of 6150 and 52067950?
2050
Calculate the greatest common factor of 14450 and 1074502.
578
Calculate the greatest common factor of 56626998 and 25770.
5154
What is the greatest common factor of 28790938 and 649?
649
What is the greatest common divisor of 3250607129 and 9251?
9251
Calculate the highest common divisor of 323 and 1350691.
19
What is the greatest common divisor of 19 and 28541477?
19
Calculate the greatest common divisor of 81542190 and 2580.
1290
What is the highest common factor of 35652 and 433632?
12
Calculate the greatest common factor of 504 and 1163176.
56
Calculate the greatest common divisor of 812 and 17759.
7
What is the highest common factor of 606 and 48447579?
303
Calculate the highest common factor of 20369468 and 42.
14
Calculate the highest common factor of 627345 and 2281677.
4647
What is the greatest common divisor of 24231508 and 1316?
1316
What is the highest common factor of 369 and 36491517?
369
What is the greatest common divisor of 535788 and 8569?
451
Calculate the greatest common factor of 234144 and 54432.
864
What is the greatest common factor of 891546747 and 1482?
741
Calculate the highest common divisor of 206795 and 7670.
295
What is the highest common divisor of 21079278 and 2244?
66
What is the greatest common divisor of 110 and 34102585?
55
Calculate the greatest common divisor of 85648 and 26023.
53
Calculate the highest common factor of 334025 and 1735225.
775
Calculate the highest common factor of 4599546 and 362409.
3387
Calculate the highest common divisor of 375821 and 3636.
101
Calculate the greatest common factor of 6953086 and 44086.
658
What is the highest common factor of 11985578 and 11242?
1606
Calculate the highest common divisor of 2320 and 822150.
290
Calculate the greatest common divisor of 63 and 15848343.
63
What is the highest common divisor of 31291 and 134792?
2407
Calculate the highest common divisor of 76560 and 104280.
1320
What is the greatest common divisor of 77825 and 407803?
3113
Calculate the greatest common divisor of 484396 and 1721764.
4796
What is the highest common divisor of 308768 and 2784?
32
What is the greatest common divisor of 171261725 and 190?
95
Calculate the greatest common divisor of 13980960 and 23408.
2128
Calculate the highest common divisor of 10069264 and 4408.
232
What is the highest common factor of 660 and 101740?
20
What is the highest common divisor of 109825168 and 553?
79
Calculate the greatest common factor of 3484 and 26413946.
1742
What is the greatest common factor of 135835626 and 876?
438
Calculate the greatest common divisor of 2 and 8303585.
1
Calculate the highest common factor of 380963 and 8437.
649
What is the highest common divisor of 4886387 and 19118?
869
Calculate the greatest common factor of 4328040394 and 883.
883
Calculate the highest common divisor of 46800 and 244206.
18
What is the highest common divisor of 926810184 and 24?
24
What is the highest common divisor of 261115862 and 14?
14
What is the highest common factor of 3733701 and 3?
3
Calculate the highest common divisor of 469340 and 1159724.
3028
What is the highest common factor of 315 and 13159083?
21
Calculate the highest common divisor of 4174972094 and 12158.
12158
What is the highest common factor of 6549747 and 3?
3
What is the highest common factor of 8474 and 560176?
446
Calculate the greatest common divisor of 351 and 10071945.
351
Calculate the greatest common divisor of 1646 and 231876958.
1646
What is the greatest common factor of 225 and 46497600?
225
What is the greatest common factor of 143424 and 727744?
5312
What is the greatest common factor of 41011563 and 6?
3
Calculate the greatest common divisor of 11526 and 2307672327.
5763
Calculate the highest common divisor of 66003480 and 153.
9
Calculate the highest common divisor of 134006308 and 68.
68
What is the greatest common divisor of 1250 and 5882125?
125
Calculate the greatest common divisor of 1136304 and 576.
144
What is the highest common factor of 45304 and 23300009?
809
What is the highest common divisor of 2105 and 217660789?
421
What is the highest common divisor of 119187 and 40034286?
6273
Calculate the highest common factor of 519 and 35045994.
519
What is the highest common factor of 4441880 and 212718?
586
Calculate the greatest common factor of 1476148 and 95.
19
What is the greatest common factor of 319 and 12746950?
29
What is the greatest common factor of 12 and 359415624?
12
Calculate the greatest common factor of 286453424 and 1112.
1112
Calculate the greatest common divisor of 483 and 95755233.
483
What is the highest common factor of 17196 and 92772?
12
Calculate the greatest common divisor of 33761 and 1637753.
689
Calculate the highest common factor of 95150 and 1425.
25
What is the greatest common divisor of 1776 and 45168?
48
Calculate the greatest common factor of 32662356 and 36.
12
Calculate the highest common factor of 41285 and 8264180.
1795
What is the highest common factor of 121472 and 149552?
208
What is the highest common factor of 341620 and 1595?
145
Calculate the highest common divisor of 130582604 and 3628.
3628
Calculate the greatest common factor of 4567939 and 1899.
211
Calculate the highest common divisor of 1079432 and 86581.
17
What is the greatest common divisor of 6992936 and 136?
8
Calculate the highest common factor of 94860484 and 11695.
2339
Calculate the highest common divisor of 390 and 157335.
15
What is the greatest common factor of 29475295 and 395?
395
What is the greatest common divisor of 502757 and 23?
23
What is the greatest common divisor of 348 and 204532592?
116
What is the highest common divisor of 310958640 and 144?
144
Calculate the greatest common factor of 13305909 and 171.
57
Calculate the greatest common divisor of 570976 and 84448.
224
Calculate the greatest common divisor of 144148567 and 23.
23
What is the greatest common divisor of 159226543 and 2191?
2191
What is the greatest common divisor of 128 and 92512832?
64
What is the highest common divisor of 2434071 and 1539?
57
Calculate the greatest common divisor of 656480 and 1465890.
3730
What is the highest common divisor of 1297880 and 16472?
568
What is the highest common divisor of 1050 and 39652800?
150
Calculate the greatest common factor of 1542177 and 15132.
39
Calculate the greatest common divisor of 345 and 7918233.
69
Calculate the highest common factor of 1242286 and 6.
2
What is the highest common factor of 96849 and 795681?
1899
Calculate the greatest common factor of 86428815 and 95.
95
Calculate the greatest common divisor of 14837829 and 2154.
1077
Calculate the highest common factor of 4574 and 54492349.
2287
Calculate the greatest common factor of 1232 and 786852.
44
Calculate the greatest common divisor of 7722 and 1065753.
117
What is the greatest common divisor of 1735514345 and 10?
5
Calculate the greatest common divisor of 28536412 and 236.
236
What is the greatest common divisor of 10 and 1390646?
2
What is the high